{"id":12,"date":"2018-09-11T01:34:23","date_gmt":"2018-09-11T01:34:23","guid":{"rendered":"https:\/\/laperiquera.com\/laperiquera\/?page_id=12"},"modified":"2026-04-01T17:47:40","modified_gmt":"2026-04-01T17:47:40","slug":"contacto","status":"publish","type":"page","link":"https:\/\/laperiquera.com\/laperiquera\/contacto\/","title":{"rendered":"Termales villa de leyva"},"content":{"rendered":"<p>Ba\u00f1os de\u00a0 aguas termales en 3 diferentes pozos, manejando una tarifa de $ 55.000 COP \/ adulto y $ 45.000 COP \/ menor de 14 a\u00f1os, por un tiempo m\u00e1ximo de 2 horas bajo una previa reserva que se puede realizar al 3132686373. Contamos con servicio de bar y pr\u00f3ximamente se abrir\u00e1 al p\u00fablico restaurante y spa para todo lo relacionado con la salud y el bienestar,\u00a0 con las instalaciones adecuadas, animales de granja, esculturas en hierro.<\/p>\n<p>Transporte a las termales : 20000 por persona<\/p>\n\n\n<figure class=\"wp-block-gallery has-nested-images columns-default is-cropped wp-block-gallery-1 is-layout-flex wp-block-gallery-is-layout-flex\">\n<figure class=\"wp-block-image size-large is-style-rounded\"><img loading=\"lazy\" decoding=\"async\" width=\"808\" height=\"1024\" data-id=\"616\" src=\"https:\/\/laperiquera.com\/laperiquera\/wp-content\/uploads\/2023\/06\/IMG-20220904-WA0021-808x1024.jpg\" alt=\"\" class=\"wp-image-616\" srcset=\"https:\/\/laperiquera.com\/laperiquera\/wp-content\/uploads\/2023\/06\/IMG-20220904-WA0021-808x1024.jpg 808w, https:\/\/laperiquera.com\/laperiquera\/wp-content\/uploads\/2023\/06\/IMG-20220904-WA0021-237x300.jpg 237w, https:\/\/laperiquera.com\/laperiquera\/wp-content\/uploads\/2023\/06\/IMG-20220904-WA0021-768x974.jpg 768w, https:\/\/laperiquera.com\/laperiquera\/wp-content\/uploads\/2023\/06\/IMG-20220904-WA0021.jpg 1068w\" sizes=\"auto, (max-width: 767px) 89vw, (max-width: 1000px) 54vw, (max-width: 1071px) 543px, 580px\" \/><\/figure>\n\n\n\n<figure class=\"wp-block-image size-large is-style-rounded\"><img loading=\"lazy\" decoding=\"async\" width=\"768\" height=\"1024\" data-id=\"583\" src=\"https:\/\/laperiquera.com\/laperiquera\/wp-content\/uploads\/2023\/05\/termales-768x1024.jpeg\" alt=\"\" class=\"wp-image-583\" srcset=\"https:\/\/laperiquera.com\/laperiquera\/wp-content\/uploads\/2023\/05\/termales-768x1024.jpeg 768w, https:\/\/laperiquera.com\/laperiquera\/wp-content\/uploads\/2023\/05\/termales-225x300.jpeg 225w, https:\/\/laperiquera.com\/laperiquera\/wp-content\/uploads\/2023\/05\/termales-1152x1536.jpeg 1152w, https:\/\/laperiquera.com\/laperiquera\/wp-content\/uploads\/2023\/05\/termales.jpeg 1200w\" sizes=\"auto, (max-width: 767px) 89vw, (max-width: 1000px) 54vw, (max-width: 1071px) 543px, 580px\" \/><\/figure>\n<\/figure>\n<div class=\"pvc_clear\"><\/div><p id=\"pvc_stats_12\" class=\"pvc_stats all  \" data-element-id=\"12\" style=\"\"><i class=\"pvc-stats-icon medium\" aria-hidden=\"true\"><svg aria-hidden=\"true\" focusable=\"false\" data-prefix=\"far\" data-icon=\"chart-bar\" role=\"img\" xmlns=\"http:\/\/www.w3.org\/2000\/svg\" viewBox=\"0 0 512 512\" class=\"svg-inline--fa fa-chart-bar fa-w-16 fa-2x\"><path fill=\"currentColor\" d=\"M396.8 352h22.4c6.4 0 12.8-6.4 12.8-12.8V108.8c0-6.4-6.4-12.8-12.8-12.8h-22.4c-6.4 0-12.8 6.4-12.8 12.8v230.4c0 6.4 6.4 12.8 12.8 12.8zm-192 0h22.4c6.4 0 12.8-6.4 12.8-12.8V140.8c0-6.4-6.4-12.8-12.8-12.8h-22.4c-6.4 0-12.8 6.4-12.8 12.8v198.4c0 6.4 6.4 12.8 12.8 12.8zm96 0h22.4c6.4 0 12.8-6.4 12.8-12.8V204.8c0-6.4-6.4-12.8-12.8-12.8h-22.4c-6.4 0-12.8 6.4-12.8 12.8v134.4c0 6.4 6.4 12.8 12.8 12.8zM496 400H48V80c0-8.84-7.16-16-16-16H16C7.16 64 0 71.16 0 80v336c0 17.67 14.33 32 32 32h464c8.84 0 16-7.16 16-16v-16c0-8.84-7.16-16-16-16zm-387.2-48h22.4c6.4 0 12.8-6.4 12.8-12.8v-70.4c0-6.4-6.4-12.8-12.8-12.8h-22.4c-6.4 0-12.8 6.4-12.8 12.8v70.4c0 6.4 6.4 12.8 12.8 12.8z\" class=\"\"><\/path><\/svg><\/i> <img loading=\"lazy\" decoding=\"async\" width=\"16\" height=\"16\" alt=\"Loading\" src=\"https:\/\/laperiquera.com\/laperiquera\/wp-content\/plugins\/page-views-count\/ajax-loader-2x.gif\" border=0 \/><\/p><div class=\"pvc_clear\"><\/div>","protected":false},"excerpt":{"rendered":"<p>Ba\u00f1os de\u00a0 aguas termales en 3 diferentes pozos, manejando una tarifa de $ 55.000 COP \/ adulto y $ 45.000 COP \/ menor de 14 a\u00f1os, por un tiempo m\u00e1ximo de 2 horas bajo una previa reserva que se puede realizar al 3132686373. Contamos con servicio de bar y pr\u00f3ximamente se abrir\u00e1 al p\u00fablico restaurante &hellip; <\/p>\n<p class=\"link-more\"><a href=\"https:\/\/laperiquera.com\/laperiquera\/contacto\/\" class=\"more-link\">Continuar leyendo<span class=\"screen-reader-text\"> \u00abTermales villa de leyva\u00bb<\/span><\/a><\/p>\n<div class=\"pvc_clear\"><\/div>\n<p id=\"pvc_stats_12\" class=\"pvc_stats all  \" data-element-id=\"12\" style=\"\"><i class=\"pvc-stats-icon medium\" aria-hidden=\"true\"><svg aria-hidden=\"true\" focusable=\"false\" data-prefix=\"far\" data-icon=\"chart-bar\" role=\"img\" xmlns=\"http:\/\/www.w3.org\/2000\/svg\" viewBox=\"0 0 512 512\" class=\"svg-inline--fa fa-chart-bar fa-w-16 fa-2x\"><path fill=\"currentColor\" d=\"M396.8 352h22.4c6.4 0 12.8-6.4 12.8-12.8V108.8c0-6.4-6.4-12.8-12.8-12.8h-22.4c-6.4 0-12.8 6.4-12.8 12.8v230.4c0 6.4 6.4 12.8 12.8 12.8zm-192 0h22.4c6.4 0 12.8-6.4 12.8-12.8V140.8c0-6.4-6.4-12.8-12.8-12.8h-22.4c-6.4 0-12.8 6.4-12.8 12.8v198.4c0 6.4 6.4 12.8 12.8 12.8zm96 0h22.4c6.4 0 12.8-6.4 12.8-12.8V204.8c0-6.4-6.4-12.8-12.8-12.8h-22.4c-6.4 0-12.8 6.4-12.8 12.8v134.4c0 6.4 6.4 12.8 12.8 12.8zM496 400H48V80c0-8.84-7.16-16-16-16H16C7.16 64 0 71.16 0 80v336c0 17.67 14.33 32 32 32h464c8.84 0 16-7.16 16-16v-16c0-8.84-7.16-16-16-16zm-387.2-48h22.4c6.4 0 12.8-6.4 12.8-12.8v-70.4c0-6.4-6.4-12.8-12.8-12.8h-22.4c-6.4 0-12.8 6.4-12.8 12.8v70.4c0 6.4 6.4 12.8 12.8 12.8z\" class=\"\"><\/path><\/svg><\/i> <img loading=\"lazy\" decoding=\"async\" width=\"16\" height=\"16\" alt=\"Loading\" src=\"https:\/\/laperiquera.com\/laperiquera\/wp-content\/plugins\/page-views-count\/ajax-loader-2x.gif\" border=0 \/><\/p>\n<div class=\"pvc_clear\"><\/div>\n","protected":false},"author":1,"featured_media":0,"parent":0,"menu_order":0,"comment_status":"open","ping_status":"closed","template":"","meta":{"footnotes":""},"class_list":["post-12","page","type-page","status-publish","hentry"],"a3_pvc":{"activated":true,"total_views":1616,"today_views":2},"jetpack_sharing_enabled":true,"_links":{"self":[{"href":"https:\/\/laperiquera.com\/laperiquera\/wp-json\/wp\/v2\/pages\/12","targetHints":{"allow":["GET"]}}],"collection":[{"href":"https:\/\/laperiquera.com\/laperiquera\/wp-json\/wp\/v2\/pages"}],"about":[{"href":"https:\/\/laperiquera.com\/laperiquera\/wp-json\/wp\/v2\/types\/page"}],"author":[{"embeddable":true,"href":"https:\/\/laperiquera.com\/laperiquera\/wp-json\/wp\/v2\/users\/1"}],"replies":[{"embeddable":true,"href":"https:\/\/laperiquera.com\/laperiquera\/wp-json\/wp\/v2\/comments?post=12"}],"version-history":[{"count":18,"href":"https:\/\/laperiquera.com\/laperiquera\/wp-json\/wp\/v2\/pages\/12\/revisions"}],"predecessor-version":[{"id":851,"href":"https:\/\/laperiquera.com\/laperiquera\/wp-json\/wp\/v2\/pages\/12\/revisions\/851"}],"wp:attachment":[{"href":"https:\/\/laperiquera.com\/laperiquera\/wp-json\/wp\/v2\/media?parent=12"}],"curies":[{"name":"wp","href":"https:\/\/api.w.org\/{rel}","templated":true}]}}

<p>Baños de  aguas termales en 3 diferentes pozos, manejando una tarifa de $ 55.000 COP / adulto y $ 45.000 COP / menor de 14 años, por un tiempo máximo de 2 horas bajo una previa reserva que se puede realizar al 3132686373. Contamos con servicio de bar y próximamente se abrirá al público restaurante y spa para todo lo relacionado con la salud y el bienestar,  con las instalaciones adecuadas, animales de granja, esculturas en hierro.</p>
<p>Transporte a las termales : 20000 por persona</p>


<figure class="wp-block-gallery has-nested-images columns-default is-cropped wp-block-gallery-1 is-layout-flex wp-block-gallery-is-layout-flex">
<figure class="wp-block-image size-large is-style-rounded"><img loading="lazy" decoding="async" width="808" height="1024" data-id="616" src="https://laperiquera.com/laperiquera/wp-content/uploads/2023/06/IMG-20220904-WA0021-808x1024.jpg" alt="" class="wp-image-616" srcset="https://laperiquera.com/laperiquera/wp-content/uploads/2023/06/IMG-20220904-WA0021-808x1024.jpg 808w, https://laperiquera.com/laperiquera/wp-content/uploads/2023/06/IMG-20220904-WA0021-237x300.jpg 237w, https://laperiquera.com/laperiquera/wp-content/uploads/2023/06/IMG-20220904-WA0021-768x974.jpg 768w, https://laperiquera.com/laperiquera/wp-content/uploads/2023/06/IMG-20220904-WA0021.jpg 1068w" sizes="auto, (max-width: 767px) 89vw, (max-width: 1000px) 54vw, (max-width: 1071px) 543px, 580px" /></figure>



<figure class="wp-block-image size-large is-style-rounded"><img loading="lazy" decoding="async" width="768" height="1024" data-id="583" src="https://laperiquera.com/laperiquera/wp-content/uploads/2023/05/termales-768x1024.jpeg" alt="" class="wp-image-583" srcset="https://laperiquera.com/laperiquera/wp-content/uploads/2023/05/termales-768x1024.jpeg 768w, https://laperiquera.com/laperiquera/wp-content/uploads/2023/05/termales-225x300.jpeg 225w, https://laperiquera.com/laperiquera/wp-content/uploads/2023/05/termales-1152x1536.jpeg 1152w, https://laperiquera.com/laperiquera/wp-content/uploads/2023/05/termales.jpeg 1200w" sizes="auto, (max-width: 767px) 89vw, (max-width: 1000px) 54vw, (max-width: 1071px) 543px, 580px" /></figure>
</figure>
<div class="pvc_clear"></div><p id="pvc_stats_12" class="pvc_stats all  " data-element-id="12" style=""><i class="pvc-stats-icon medium" aria-hidden="true"><svg aria-hidden="true" focusable="false" data-prefix="far" data-icon="chart-bar" role="img" xmlns="http://www.w3.org/2000/svg" viewBox="0 0 512 512" class="svg-inline--fa fa-chart-bar fa-w-16 fa-2x"><path fill="currentColor" d="M396.8 352h22.4c6.4 0 12.8-6.4 12.8-12.8V108.8c0-6.4-6.4-12.8-12.8-12.8h-22.4c-6.4 0-12.8 6.4-12.8 12.8v230.4c0 6.4 6.4 12.8 12.8 12.8zm-192 0h22.4c6.4 0 12.8-6.4 12.8-12.8V140.8c0-6.4-6.4-12.8-12.8-12.8h-22.4c-6.4 0-12.8 6.4-12.8 12.8v198.4c0 6.4 6.4 12.8 12.8 12.8zm96 0h22.4c6.4 0 12.8-6.4 12.8-12.8V204.8c0-6.4-6.4-12.8-12.8-12.8h-22.4c-6.4 0-12.8 6.4-12.8 12.8v134.4c0 6.4 6.4 12.8 12.8 12.8zM496 400H48V80c0-8.84-7.16-16-16-16H16C7.16 64 0 71.16 0 80v336c0 17.67 14.33 32 32 32h464c8.84 0 16-7.16 16-16v-16c0-8.84-7.16-16-16-16zm-387.2-48h22.4c6.4 0 12.8-6.4 12.8-12.8v-70.4c0-6.4-6.4-12.8-12.8-12.8h-22.4c-6.4 0-12.8 6.4-12.8 12.8v70.4c0 6.4 6.4 12.8 12.8 12.8z" class=""></path></svg></i> <img loading="lazy" decoding="async" width="16" height="16" alt="Loading" src="https://laperiquera.com/laperiquera/wp-content/plugins/page-views-count/ajax-loader-2x.gif" border=0 /></p><div class="pvc_clear"></div>

<p>Baños de  aguas termales en 3 diferentes pozos, manejando una tarifa de $ 55.000 COP / adulto y $ 45.000 COP / menor de 14 años, por un tiempo máximo de 2 horas bajo una previa reserva que se puede realizar al 3132686373. Contamos con servicio de bar y próximamente se abrirá al público restaurante &hellip; </p>
<p class="link-more"><a href="https://laperiquera.com/laperiquera/contacto/" class="more-link">Continuar leyendo<span class="screen-reader-text"> «Termales villa de leyva»</span></a></p>
<div class="pvc_clear"></div>
<p id="pvc_stats_12" class="pvc_stats all  " data-element-id="12" style=""><i class="pvc-stats-icon medium" aria-hidden="true"><svg aria-hidden="true" focusable="false" data-prefix="far" data-icon="chart-bar" role="img" xmlns="http://www.w3.org/2000/svg" viewBox="0 0 512 512" class="svg-inline--fa fa-chart-bar fa-w-16 fa-2x"><path fill="currentColor" d="M396.8 352h22.4c6.4 0 12.8-6.4 12.8-12.8V108.8c0-6.4-6.4-12.8-12.8-12.8h-22.4c-6.4 0-12.8 6.4-12.8 12.8v230.4c0 6.4 6.4 12.8 12.8 12.8zm-192 0h22.4c6.4 0 12.8-6.4 12.8-12.8V140.8c0-6.4-6.4-12.8-12.8-12.8h-22.4c-6.4 0-12.8 6.4-12.8 12.8v198.4c0 6.4 6.4 12.8 12.8 12.8zm96 0h22.4c6.4 0 12.8-6.4 12.8-12.8V204.8c0-6.4-6.4-12.8-12.8-12.8h-22.4c-6.4 0-12.8 6.4-12.8 12.8v134.4c0 6.4 6.4 12.8 12.8 12.8zM496 400H48V80c0-8.84-7.16-16-16-16H16C7.16 64 0 71.16 0 80v336c0 17.67 14.33 32 32 32h464c8.84 0 16-7.16 16-16v-16c0-8.84-7.16-16-16-16zm-387.2-48h22.4c6.4 0 12.8-6.4 12.8-12.8v-70.4c0-6.4-6.4-12.8-12.8-12.8h-22.4c-6.4 0-12.8 6.4-12.8 12.8v70.4c0 6.4 6.4 12.8 12.8 12.8z" class=""></path></svg></i> <img loading="lazy" decoding="async" width="16" height="16" alt="Loading" src="https://laperiquera.com/laperiquera/wp-content/plugins/page-views-count/ajax-loader-2x.gif" border=0 /></p>
<div class="pvc_clear"></div>
