{"id":63,"date":"2018-09-13T01:21:50","date_gmt":"2018-09-13T01:21:50","guid":{"rendered":"https:\/\/laperiquera.com\/laperiquera\/?page_id=63"},"modified":"2024-11-15T17:21:00","modified_gmt":"2024-11-15T17:21:00","slug":"caminata-siembra-vida","status":"publish","type":"page","link":"https:\/\/laperiquera.com\/laperiquera\/caminata-siembra-vida\/","title":{"rendered":"Caminata Siembra Vida"},"content":{"rendered":"<p>Es de suma importancia ayudar a plantar \u00e1rboles en el medio ambiente que nos rodea, ya\u00a0 que al plantar un \u00e1rbol se est\u00e1 generando oxigeno mucho m\u00e1s puro no solo para el ecosistema sino m\u00e1s \u00a0para la vida humana.<\/p>\n<p>Ven a disfrutar de uno de los parques naturales de Boyac\u00e1, sembrando un \u00e1rbol.\u00a0 Se crea un correo para informar su crecimiento y se etiqueta con el nombre de la familia.<\/p>\n<ul>\n<li>\n<h4>Precio \u00c1rbol:\u00a0 \u00a0 \u00a0 \u00a0 \u00a0 \u00a0 \u00a0 \u00a0 \u00a0 \u00a0 \u00a0 \u00a0 \u00a0 \u00a0 \u00a0 \u00a0 \u00a0 \u00a0 \u00a0 \u00a0 \u00a0 \u00a0 \u00a0 \u00a0 \u00a0 \u00a0 \u00a0 \u00a0 \u00a0 \u00a0 $50.000<\/h4>\n<\/li>\n<\/ul>\n<p><img loading=\"lazy\" decoding=\"async\" class=\"alignnone size-medium wp-image-336\" src=\"https:\/\/laperiquera.com\/laperiquera\/wp-content\/uploads\/2019\/06\/reforestaci\u00f3n-295x300.jpg\" alt=\"\" width=\"500\" height=\"225\" \/><\/p>\n<p><img loading=\"lazy\" decoding=\"async\" class=\"alignnone size-full wp-image-339\" src=\"https:\/\/laperiquera.com\/laperiquera\/wp-content\/uploads\/2019\/06\/descarga.jpg\" alt=\"\" width=\"500\" height=\"225\" \/><\/p>\n<div class=\"pvc_clear\"><\/div>\n<p id=\"pvc_stats_63\" class=\"pvc_stats all  \" data-element-id=\"63\" style=\"\"><i class=\"pvc-stats-icon medium\" aria-hidden=\"true\"><svg aria-hidden=\"true\" focusable=\"false\" data-prefix=\"far\" data-icon=\"chart-bar\" role=\"img\" xmlns=\"http:\/\/www.w3.org\/2000\/svg\" viewBox=\"0 0 512 512\" class=\"svg-inline--fa fa-chart-bar fa-w-16 fa-2x\"><path fill=\"currentColor\" d=\"M396.8 352h22.4c6.4 0 12.8-6.4 12.8-12.8V108.8c0-6.4-6.4-12.8-12.8-12.8h-22.4c-6.4 0-12.8 6.4-12.8 12.8v230.4c0 6.4 6.4 12.8 12.8 12.8zm-192 0h22.4c6.4 0 12.8-6.4 12.8-12.8V140.8c0-6.4-6.4-12.8-12.8-12.8h-22.4c-6.4 0-12.8 6.4-12.8 12.8v198.4c0 6.4 6.4 12.8 12.8 12.8zm96 0h22.4c6.4 0 12.8-6.4 12.8-12.8V204.8c0-6.4-6.4-12.8-12.8-12.8h-22.4c-6.4 0-12.8 6.4-12.8 12.8v134.4c0 6.4 6.4 12.8 12.8 12.8zM496 400H48V80c0-8.84-7.16-16-16-16H16C7.16 64 0 71.16 0 80v336c0 17.67 14.33 32 32 32h464c8.84 0 16-7.16 16-16v-16c0-8.84-7.16-16-16-16zm-387.2-48h22.4c6.4 0 12.8-6.4 12.8-12.8v-70.4c0-6.4-6.4-12.8-12.8-12.8h-22.4c-6.4 0-12.8 6.4-12.8 12.8v70.4c0 6.4 6.4 12.8 12.8 12.8z\" class=\"\"><\/path><\/svg><\/i> <img loading=\"lazy\" decoding=\"async\" width=\"16\" height=\"16\" alt=\"Loading\" src=\"https:\/\/laperiquera.com\/laperiquera\/wp-content\/plugins\/page-views-count\/ajax-loader-2x.gif\" border=0 \/><\/p>\n<div class=\"pvc_clear\"><\/div>\n","protected":false},"excerpt":{"rendered":"<p>Es de suma importancia ayudar a plantar \u00e1rboles en el medio ambiente que nos rodea, ya\u00a0 que al plantar un \u00e1rbol se est\u00e1 generando oxigeno mucho m\u00e1s puro no solo para el ecosistema sino m\u00e1s \u00a0para la vida humana. Ven a disfrutar de uno de los parques naturales de Boyac\u00e1, sembrando un \u00e1rbol.\u00a0 Se crea &hellip; <\/p>\n<p class=\"link-more\"><a href=\"https:\/\/laperiquera.com\/laperiquera\/caminata-siembra-vida\/\" class=\"more-link\">Continuar leyendo<span class=\"screen-reader-text\"> \u00abCaminata Siembra Vida\u00bb<\/span><\/a><\/p>\n<div class=\"pvc_clear\"><\/div>\n<p id=\"pvc_stats_63\" class=\"pvc_stats all  \" data-element-id=\"63\" style=\"\"><i class=\"pvc-stats-icon medium\" aria-hidden=\"true\"><svg aria-hidden=\"true\" focusable=\"false\" data-prefix=\"far\" data-icon=\"chart-bar\" role=\"img\" xmlns=\"http:\/\/www.w3.org\/2000\/svg\" viewBox=\"0 0 512 512\" class=\"svg-inline--fa fa-chart-bar fa-w-16 fa-2x\"><path fill=\"currentColor\" d=\"M396.8 352h22.4c6.4 0 12.8-6.4 12.8-12.8V108.8c0-6.4-6.4-12.8-12.8-12.8h-22.4c-6.4 0-12.8 6.4-12.8 12.8v230.4c0 6.4 6.4 12.8 12.8 12.8zm-192 0h22.4c6.4 0 12.8-6.4 12.8-12.8V140.8c0-6.4-6.4-12.8-12.8-12.8h-22.4c-6.4 0-12.8 6.4-12.8 12.8v198.4c0 6.4 6.4 12.8 12.8 12.8zm96 0h22.4c6.4 0 12.8-6.4 12.8-12.8V204.8c0-6.4-6.4-12.8-12.8-12.8h-22.4c-6.4 0-12.8 6.4-12.8 12.8v134.4c0 6.4 6.4 12.8 12.8 12.8zM496 400H48V80c0-8.84-7.16-16-16-16H16C7.16 64 0 71.16 0 80v336c0 17.67 14.33 32 32 32h464c8.84 0 16-7.16 16-16v-16c0-8.84-7.16-16-16-16zm-387.2-48h22.4c6.4 0 12.8-6.4 12.8-12.8v-70.4c0-6.4-6.4-12.8-12.8-12.8h-22.4c-6.4 0-12.8 6.4-12.8 12.8v70.4c0 6.4 6.4 12.8 12.8 12.8z\" class=\"\"><\/path><\/svg><\/i> <img loading=\"lazy\" decoding=\"async\" width=\"16\" height=\"16\" alt=\"Loading\" src=\"https:\/\/laperiquera.com\/laperiquera\/wp-content\/plugins\/page-views-count\/ajax-loader-2x.gif\" border=0 \/><\/p>\n<div class=\"pvc_clear\"><\/div>\n","protected":false},"author":1,"featured_media":0,"parent":0,"menu_order":0,"comment_status":"closed","ping_status":"closed","template":"","meta":{"footnotes":""},"class_list":["post-63","page","type-page","status-publish","hentry"],"a3_pvc":{"activated":true,"total_views":392,"today_views":0},"jetpack_sharing_enabled":true,"_links":{"self":[{"href":"https:\/\/laperiquera.com\/laperiquera\/wp-json\/wp\/v2\/pages\/63","targetHints":{"allow":["GET"]}}],"collection":[{"href":"https:\/\/laperiquera.com\/laperiquera\/wp-json\/wp\/v2\/pages"}],"about":[{"href":"https:\/\/laperiquera.com\/laperiquera\/wp-json\/wp\/v2\/types\/page"}],"author":[{"embeddable":true,"href":"https:\/\/laperiquera.com\/laperiquera\/wp-json\/wp\/v2\/users\/1"}],"replies":[{"embeddable":true,"href":"https:\/\/laperiquera.com\/laperiquera\/wp-json\/wp\/v2\/comments?post=63"}],"version-history":[{"count":15,"href":"https:\/\/laperiquera.com\/laperiquera\/wp-json\/wp\/v2\/pages\/63\/revisions"}],"predecessor-version":[{"id":731,"href":"https:\/\/laperiquera.com\/laperiquera\/wp-json\/wp\/v2\/pages\/63\/revisions\/731"}],"wp:attachment":[{"href":"https:\/\/laperiquera.com\/laperiquera\/wp-json\/wp\/v2\/media?parent=63"}],"curies":[{"name":"wp","href":"https:\/\/api.w.org\/{rel}","templated":true}]}}